me factors of 40416.
2, 3, 421
What are the prime factors of 70533?
3, 17, 461
What are the prime factors of 290?
2, 5, 29
What are the prime factors of 21703?
11, 1973
List the prime factors of 90592.
2, 19, 149
List the prime factors of 4727.
29, 163
List the prime factors of 34998.
2, 3, 19, 307
What are the prime factors of 19297?
23, 839
What are the prime factors of 7593?
3, 2531
List the prime factors of 1619.
1619
What are the prime factors of 2761?
11, 251
List the prime factors of 616.
2, 7, 11
List the prime factors of 703.
19, 37
List the prime factors of 2410.
2, 5, 241
What are the prime factors of 1102?
2, 19, 29
What are the prime factors of 2187?
3
List the prime factors of 8350.
2, 5, 167
What are the prime factors of 796?
2, 199
List the prime factors of 258.
2, 3, 43
What are the prime factors of 1902?
2, 3, 317
List the prime factors of 4146.
2, 3, 691
List the prime factors of 21300.
2, 3, 5, 71
List the prime factors of 1667.
1667
What are the prime factors of 13886?
2, 53, 131
List the prime factors of 10507.
7, 19, 79
List the prime factors of 2947.
7, 421
What are the prime factors of 1315?
5, 263
List the prime factors of 2499.
3, 7, 17
What are the prime factors of 18688?
2, 73
What are the prime factors of 9521?
9521
List the prime factors of 60320.
2, 5, 13, 29
What are the prime factors of 55730?
2, 5, 5573
What are the prime factors of 9004?
2, 2251
List the prime factors of 1855.
5, 7, 53
What are the prime factors of 277?
277
List the prime factors of 3739.
3739
List the prime factors of 1947.
3, 11, 59
List the prime factors of 84191.
84191
What are the prime factors of 1796?
2, 449
What are the prime factors of 954?
2, 3, 53
List the prime factors of 10201.
101
What are the prime factors of 32393?
29, 1117
List the prime factors of 5282.
2, 19, 139
List the prime factors of 16661.
16661
List the prime factors of 5089.
7, 727
What are the prime factors of 181?
181
List the prime factors of 10766.
2, 7, 769
What are the prime factors of 1081?
23, 47
List the prime factors of 41002.
2, 13, 19, 83
What are the prime factors of 1138?
2, 569
List the prime factors of 36953.
7, 5279
What are the prime factors of 1357?
23, 59
List the prime factors of 249.
3, 83
What are the prime factors of 9369?
3, 347
List the prime factors of 13694.
2, 41, 167
What are the prime factors of 49926?
2, 3, 53, 157
List the prime factors of 24403.
23, 1061
List the prime factors of 51219.
3, 7, 271
What are the prime factors of 1426?
2, 23, 31
List the prime factors of 2765.
5, 7, 79
List the prime factors of 422.
2, 211
What are the prime factors of 52?
2, 13
What are the prime factors of 738?
2, 3, 41
What are the prime factors of 29054?
2, 73, 199
What are the prime factors of 61675?
5, 2467
List the prime factors of 1151.
1151
What are the prime factors of 51069?
3, 29, 587
What are the prime factors of 12599?
43, 293
List the prime factors of 70330.
2, 5, 13, 541
What are the prime factors of 1518?
2, 3, 11, 23
List the prime factors of 545.
5, 109
List the prime factors of 1771.
7, 11, 23
List the prime factors of 32332.
2, 59, 137
List the prime factors of 658.
2, 7, 47
What are the prime factors of 1936?
2, 11
List the prime factors of 19065.
3, 5, 31, 41
List the prime factors of 21704.
2, 2713
What are the prime factors of 425?
5, 17
What are the prime factors of 68?
2, 17
List the prime factors of 11749.
31, 379
List the prime factors of 3721.
61
What are the prime factors of 6793?
6793
List the prime factors of 849.
3, 283
What are the prime factors of 8274?
2, 3, 7, 197
What are the prime factors of 7532?
2, 7, 269
List the prime factors of 7966.
2, 7, 569
List the prime factors of 1893.
3, 631
What are the prime factors of 10166?
2, 13, 17, 23
What are the prime factors of 7146?
2, 3, 397
What are the prime factors of 41115?
3, 5, 2741
What are the prime factors of 14469?
3, 7, 13, 53
List the prime factors of 32790.
2, 3, 5, 1093
What are the prime factors of 7007?
7, 11, 13
What are the prime factors of 4876?
2, 23, 53
What are the prime factors of 505?
5, 101
List the prime factors of 23907.
3, 13, 613
What are the prime factors of 25170?
2, 3, 5, 839
List the prime factors of 8055.
3, 5, 179
List the prime factors of 31851.
3, 3539
What are the prime factors of 7785?
3, 5, 173
What are the prime factors of 4435?
5, 887
What are the prime factors of 5014?
2, 23, 109
What are the prime factors of 2237?
2237
List the prime factors of 89182.
2, 17, 43, 61
What are the prime factors of 693?
3, 7, 11
List the prime factors of 221.
13, 17
What are the prime factors of 52908?
2, 3, 4409
What are the prime factors of 47809?
47809
What are the prime factors of 4986?
2, 3, 277
List the prime factors of 27067.
27067
List the prime factors of 11981.
11981
List the prime factors of 12496.
2, 11, 71
What are the prime factors of 2005?
5, 401
List the prime factors of 58778.
2, 29389
What are the prime factors of 1243?
11, 113
What are the prime factors of 2373?
3, 7, 113
List the prime factors of 14149.
14149
What are the prime factors of 33515?
5, 6703
What are the prime factors of 38086?
2, 137, 139
List the prime factors of 1106.
2, 7, 79
What are the prime factors of 74941?
74941
What are the prime factors of 841?
29
What are the prime factors of 579?
3, 193
What are the prime factors of 12584?
2, 11, 13
What are the prime factors of 638?
2, 11, 29
What are the prime factors of 439?
439
What are the prime factors of 4111?
4111
List the prime factors of 31819.
47, 677
What are the prime factors of 29348?
2, 11, 23, 29
List the prime factors of 16773.
3, 5591
What are the prime factors of 132?
2, 3, 11
List the prime factors of 441.
3, 7
List the prime factors of 3741.
3, 29, 43
What are the prime factors of 45009?
3, 1667
List the prime factors of 44.
2, 11
What are the prime factors of 15093?
3, 13, 43
What are the prime factors of 1042?
2, 521
What are the prime factors of 801?
3, 89
What are the prime factors of 18210?
2, 3, 5, 607
List the prime factors of 72.
2, 3
What are the prime factors of 3448?
2, 431
What are the prime factors of 18475?
5, 739
List the prime factors of 97919.
97919
List the prime factors of 118426.
2, 7, 11, 769
List the prime factors of 1477.
7, 211
List the prime factors of 3155.
5, 631
What are the prime factors of 15612?
2, 3, 1301
List the prime factors of 47.
47
List the prime factors of 60170.
2, 5, 11, 547
List the prime factors of 163.
163
What are the prime factors of 17505?
3, 5, 389
List the prime factors of 14253.
3, 4751
What are the prime factors of 503?
503
List the prime factors of 2214.
2, 3, 41
What are the prime factors of 2329?
17, 137
What are the prime factors of 2198?
2, 7, 157
List the prime factors of 2611.
7, 373
What are the prime factors of 1998?
2, 3, 37
What are the prime factors of 6278?
2, 43, 73
List the prime factors of 1517.
37, 41
What are the prime factors of 543?
3, 181
List the prime factors of 2518.
2, 1259
What are the prime factors of 431?
431
What are the prime factors of 4118?
2, 29, 71
What are the prime factors of 28586?
2, 14293
What are the prime factors of 4083?
3, 1361
What are the prime factors of 4896?
2, 3, 17
List the prime factors of 1704.
2, 3, 71
List the prime factors of 20476.
2, 5119
What are the prime factors of 3460?
2, 5, 173
List the prime factors of 44326.
2, 37, 599
What are the prime factors of 1546?
2, 773
List the prime factors of 26363.
41, 643
What are the prime factors of 11754?
2, 3, 653
What are the prime factors of 11287?
11287
What are the prime factors of 1215?
3, 5
What are the prime factors of 1710?
2, 3, 5, 19
What are the prime factors of 36529?
36529
List the prime factors of 17160.
2, 3, 5, 11, 13
List the prime factors of 4.
2
List the prime factors of 68300.
2, 5, 683
What are the prime factors of 40013?
40013
What are the prime factors of 1431?
3, 53
List the prime factors of 3993.
3, 11
List the prime factors of 8408.
2, 1051
What are the prime factors of 1313?
13, 101
List the prime factors of 1074.
2, 3, 179
What are the prime factors of 1027?
13, 79
List the prime factors of 174639.
3, 23, 2531
List the prime factors of 10685.
5, 2137
List the prime factors of 1726.
2, 863
List the prime factors of 11998.
